{"id":24181,"date":"2015-10-05T18:20:40","date_gmt":"2015-10-05T16:20:40","guid":{"rendered":"http:\/\/www.barcelonalab.com\/~editorialmediter\/?p=24181"},"modified":"2024-04-11T16:18:58","modified_gmt":"2024-04-11T14:18:58","slug":"llorenc-ferrer-alos","status":"publish","type":"autor","link":"https:\/\/editorialmediterrania.com\/en\/autor\/llorenc-ferrer-alos\/","title":{"rendered":"Lloren\u00e7 Ferrer Al\u00f2s"},"content":{"rendered":"<p style=\"text-align: justify;\">Lloren\u00e7 Ferrer Al\u00f2s (Navarcles, 1957) \u00e9s professor del departament d\u2019Hist\u00f2ria Contempor\u00e0nia de la Universitat de Barcelona i autor de diversos llibres i articles sobre la industrialitzaci\u00f3 cotonera i la hist\u00f2ria agr\u00e0ria de Catalunya. Dins d\u2019aquest \u00e0mbit, s\u2019ha especialitzat en el camp de la viticultura. Tamb\u00e9 \u00e9s autor de llibres sobre la fam\u00edlia i el sistema hereditari a Catalunya. Els seus darrers llibres publicats s\u00f3n L<em>a vida rural a Catalunya<\/em> (Angle Editorial), <em>Les masies a Catalunya<\/em> (Angle Editorial) i <em>La masia de 1907<\/em> (Ara Llibres, amb la col\u00b7laboraci\u00f3 de TV3).<\/p>\n","protected":false},"featured_media":24177,"template":"","categoria-autors":[],"class_list":["post-24181","autor","type-autor","status-publish","has-post-thumbnail","hentry"],"acf":[],"yoast_head":"<!-- This site is optimized with the Yoast SEO plugin v22.8 - https:\/\/yoast.com\/wordpress\/plugins\/seo\/ -->\n<title>Lloren\u00e7 Ferrer Al\u00f2s - Editorial Mediterr\u00e0nia<\/title>\n<meta name=\"robots\" content=\"index, follow, max-snippet:-1, max-image-preview:large, max-video-preview:-1\" \/>\n<link rel=\"canonical\" href=\"https:\/\/editorialmediterrania.com\/en\/autor\/llorenc-ferrer-alos\/\" \/>\n<meta property=\"og:locale\" content=\"en_US\" \/>\n<meta property=\"og:type\" content=\"article\" \/>\n<meta property=\"og:title\" content=\"Lloren\u00e7 Ferrer Al\u00f2s - Editorial Mediterr\u00e0nia\" \/>\n<meta property=\"og:description\" content=\"Lloren\u00e7 Ferrer Al\u00f2s (Navarcles, 1957) \u00e9s professor del departament d\u2019Hist\u00f2ria Contempor\u00e0nia de la Universitat de Barcelona i autor de diversos llibres i articles sobre la industrialitzaci\u00f3 cotonera i la hist\u00f2ria agr\u00e0ria de Catalunya. Dins d\u2019aquest \u00e0mbit, s\u2019ha especialitzat en el camp de la viticultura. Tamb\u00e9 \u00e9s autor de llibres sobre la fam\u00edlia i el sistema [&hellip;]\" \/>\n<meta property=\"og:url\" content=\"https:\/\/editorialmediterrania.com\/en\/autor\/llorenc-ferrer-alos\/\" \/>\n<meta property=\"og:site_name\" content=\"Editorial Mediterr\u00e0nia\" \/>\n<meta property=\"article:modified_time\" content=\"2024-04-11T14:18:58+00:00\" \/>\n<meta property=\"og:image\" content=\"https:\/\/editorialmediterrania.com\/wp-content\/uploads\/2015\/10\/Llorenc\u0327_Ferrer_Alo\u0300s.jpg\" \/>\n\t<meta property=\"og:image:width\" content=\"600\" \/>\n\t<meta property=\"og:image:height\" content=\"600\" \/>\n\t<meta property=\"og:image:type\" content=\"image\/jpeg\" \/>\n<meta name=\"twitter:card\" content=\"summary_large_image\" \/>\n<meta name=\"twitter:site\" content=\"@edmediterrania\" \/>\n<script type=\"application\/ld+json\" class=\"yoast-schema-graph\">{\"@context\":\"https:\/\/schema.org\",\"@graph\":[{\"@type\":\"WebPage\",\"@id\":\"https:\/\/editorialmediterrania.com\/en\/autor\/llorenc-ferrer-alos\/\",\"url\":\"https:\/\/editorialmediterrania.com\/en\/autor\/llorenc-ferrer-alos\/\",\"name\":\"Lloren\u00e7 Ferrer Al\u00f2s - Editorial Mediterr\u00e0nia\",\"isPartOf\":{\"@id\":\"https:\/\/editorialmediterrania.com\/en\/#website\"},\"primaryImageOfPage\":{\"@id\":\"https:\/\/editorialmediterrania.com\/en\/autor\/llorenc-ferrer-alos\/#primaryimage\"},\"image\":{\"@id\":\"https:\/\/editorialmediterrania.com\/en\/autor\/llorenc-ferrer-alos\/#primaryimage\"},\"thumbnailUrl\":\"https:\/\/editorialmediterrania.com\/wp-content\/uploads\/2015\/10\/Llorenc\u0327_Ferrer_Alo\u0300s.jpg\",\"datePublished\":\"2015-10-05T16:20:40+00:00\",\"dateModified\":\"2024-04-11T14:18:58+00:00\",\"inLanguage\":\"en-US\",\"potentialAction\":[{\"@type\":\"ReadAction\",\"target\":[\"https:\/\/editorialmediterrania.com\/en\/autor\/llorenc-ferrer-alos\/\"]}]},{\"@type\":\"ImageObject\",\"inLanguage\":\"en-US\",\"@id\":\"https:\/\/editorialmediterrania.com\/en\/autor\/llorenc-ferrer-alos\/#primaryimage\",\"url\":\"https:\/\/editorialmediterrania.com\/wp-content\/uploads\/2015\/10\/Llorenc\u0327_Ferrer_Alo\u0300s.jpg\",\"contentUrl\":\"https:\/\/editorialmediterrania.com\/wp-content\/uploads\/2015\/10\/Llorenc\u0327_Ferrer_Alo\u0300s.jpg\",\"width\":600,\"height\":600},{\"@type\":\"WebSite\",\"@id\":\"https:\/\/editorialmediterrania.com\/en\/#website\",\"url\":\"https:\/\/editorialmediterrania.com\/en\/\",\"name\":\"Editorial Mediterrania\",\"description\":\"Llibres que t\u2019obriran nous mons\",\"publisher\":{\"@id\":\"https:\/\/editorialmediterrania.com\/en\/#organization\"},\"alternateName\":\"Llibres infantils d'art, cultura i natura\",\"potentialAction\":[{\"@type\":\"SearchAction\",\"target\":{\"@type\":\"EntryPoint\",\"urlTemplate\":\"https:\/\/editorialmediterrania.com\/en\/?s={search_term_string}\"},\"query-input\":\"required name=search_term_string\"}],\"inLanguage\":\"en-US\"},{\"@type\":\"Organization\",\"@id\":\"https:\/\/editorialmediterrania.com\/en\/#organization\",\"name\":\"Editorial Mediterrania\",\"alternateName\":\"Llibres d'art, cultura i natura per infants i fam\u00edlies\",\"url\":\"https:\/\/editorialmediterrania.com\/en\/\",\"logo\":{\"@type\":\"ImageObject\",\"inLanguage\":\"en-US\",\"@id\":\"https:\/\/editorialmediterrania.com\/en\/#\/schema\/logo\/image\/\",\"url\":\"https:\/\/editorialmediterrania.com\/wp-content\/uploads\/2023\/03\/LOGO-ED_MEDITERRANIA_OK-2.png\",\"contentUrl\":\"https:\/\/editorialmediterrania.com\/wp-content\/uploads\/2023\/03\/LOGO-ED_MEDITERRANIA_OK-2.png\",\"width\":1200,\"height\":300,\"caption\":\"Editorial Mediterrania\"},\"image\":{\"@id\":\"https:\/\/editorialmediterrania.com\/en\/#\/schema\/logo\/image\/\"},\"sameAs\":[\"https:\/\/x.com\/edmediterrania\",\"https:\/\/www.instagram.com\/editorialmediterrania\/\"]}]}<\/script>\n<!-- \/ Yoast SEO plugin. -->","yoast_head_json":{"title":"Lloren\u00e7 Ferrer Al\u00f2s - Editorial Mediterr\u00e0nia","robots":{"index":"index","follow":"follow","max-snippet":"max-snippet:-1","max-image-preview":"max-image-preview:large","max-video-preview":"max-video-preview:-1"},"canonical":"https:\/\/editorialmediterrania.com\/en\/autor\/llorenc-ferrer-alos\/","og_locale":"en_US","og_type":"article","og_title":"Lloren\u00e7 Ferrer Al\u00f2s - Editorial Mediterr\u00e0nia","og_description":"Lloren\u00e7 Ferrer Al\u00f2s (Navarcles, 1957) \u00e9s professor del departament d\u2019Hist\u00f2ria Contempor\u00e0nia de la Universitat de Barcelona i autor de diversos llibres i articles sobre la industrialitzaci\u00f3 cotonera i la hist\u00f2ria agr\u00e0ria de Catalunya. Dins d\u2019aquest \u00e0mbit, s\u2019ha especialitzat en el camp de la viticultura. Tamb\u00e9 \u00e9s autor de llibres sobre la fam\u00edlia i el sistema [&hellip;]","og_url":"https:\/\/editorialmediterrania.com\/en\/autor\/llorenc-ferrer-alos\/","og_site_name":"Editorial Mediterr\u00e0nia","article_modified_time":"2024-04-11T14:18:58+00:00","og_image":[{"width":600,"height":600,"url":"https:\/\/editorialmediterrania.com\/wp-content\/uploads\/2015\/10\/Llorenc\u0327_Ferrer_Alo\u0300s.jpg","type":"image\/jpeg"}],"twitter_card":"summary_large_image","twitter_site":"@edmediterrania","schema":{"@context":"https:\/\/schema.org","@graph":[{"@type":"WebPage","@id":"https:\/\/editorialmediterrania.com\/en\/autor\/llorenc-ferrer-alos\/","url":"https:\/\/editorialmediterrania.com\/en\/autor\/llorenc-ferrer-alos\/","name":"Lloren\u00e7 Ferrer Al\u00f2s - Editorial Mediterr\u00e0nia","isPartOf":{"@id":"https:\/\/editorialmediterrania.com\/en\/#website"},"primaryImageOfPage":{"@id":"https:\/\/editorialmediterrania.com\/en\/autor\/llorenc-ferrer-alos\/#primaryimage"},"image":{"@id":"https:\/\/editorialmediterrania.com\/en\/autor\/llorenc-ferrer-alos\/#primaryimage"},"thumbnailUrl":"https:\/\/editorialmediterrania.com\/wp-content\/uploads\/2015\/10\/Llorenc\u0327_Ferrer_Alo\u0300s.jpg","datePublished":"2015-10-05T16:20:40+00:00","dateModified":"2024-04-11T14:18:58+00:00","inLanguage":"en-US","potentialAction":[{"@type":"ReadAction","target":["https:\/\/editorialmediterrania.com\/en\/autor\/llorenc-ferrer-alos\/"]}]},{"@type":"ImageObject","inLanguage":"en-US","@id":"https:\/\/editorialmediterrania.com\/en\/autor\/llorenc-ferrer-alos\/#primaryimage","url":"https:\/\/editorialmediterrania.com\/wp-content\/uploads\/2015\/10\/Llorenc\u0327_Ferrer_Alo\u0300s.jpg","contentUrl":"https:\/\/editorialmediterrania.com\/wp-content\/uploads\/2015\/10\/Llorenc\u0327_Ferrer_Alo\u0300s.jpg","width":600,"height":600},{"@type":"WebSite","@id":"https:\/\/editorialmediterrania.com\/en\/#website","url":"https:\/\/editorialmediterrania.com\/en\/","name":"Editorial Mediterrania","description":"Llibres que t\u2019obriran nous mons","publisher":{"@id":"https:\/\/editorialmediterrania.com\/en\/#organization"},"alternateName":"Llibres infantils d'art, cultura i natura","potentialAction":[{"@type":"SearchAction","target":{"@type":"EntryPoint","urlTemplate":"https:\/\/editorialmediterrania.com\/en\/?s={search_term_string}"},"query-input":"required name=search_term_string"}],"inLanguage":"en-US"},{"@type":"Organization","@id":"https:\/\/editorialmediterrania.com\/en\/#organization","name":"Editorial Mediterrania","alternateName":"Llibres d'art, cultura i natura per infants i fam\u00edlies","url":"https:\/\/editorialmediterrania.com\/en\/","logo":{"@type":"ImageObject","inLanguage":"en-US","@id":"https:\/\/editorialmediterrania.com\/en\/#\/schema\/logo\/image\/","url":"https:\/\/editorialmediterrania.com\/wp-content\/uploads\/2023\/03\/LOGO-ED_MEDITERRANIA_OK-2.png","contentUrl":"https:\/\/editorialmediterrania.com\/wp-content\/uploads\/2023\/03\/LOGO-ED_MEDITERRANIA_OK-2.png","width":1200,"height":300,"caption":"Editorial Mediterrania"},"image":{"@id":"https:\/\/editorialmediterrania.com\/en\/#\/schema\/logo\/image\/"},"sameAs":["https:\/\/x.com\/edmediterrania","https:\/\/www.instagram.com\/editorialmediterrania\/"]}]}},"_links":{"self":[{"href":"https:\/\/editorialmediterrania.com\/en\/wp-json\/wp\/v2\/autor\/24181","targetHints":{"allow":["GET"]}}],"collection":[{"href":"https:\/\/editorialmediterrania.com\/en\/wp-json\/wp\/v2\/autor"}],"about":[{"href":"https:\/\/editorialmediterrania.com\/en\/wp-json\/wp\/v2\/types\/autor"}],"wp:featuredmedia":[{"embeddable":true,"href":"https:\/\/editorialmediterrania.com\/en\/wp-json\/wp\/v2\/media\/24177"}],"wp:attachment":[{"href":"https:\/\/editorialmediterrania.com\/en\/wp-json\/wp\/v2\/media?parent=24181"}],"wp:term":[{"taxonomy":"categoria-autors","embeddable":true,"href":"https:\/\/editorialmediterrania.com\/en\/wp-json\/wp\/v2\/categoria-autors?post=24181"}],"curies":[{"name":"wp","href":"https:\/\/api.w.org\/{rel}","templated":true}]}}

Llorenç Ferrer Alòs

<p style="text-align: justify;">Llorenç Ferrer Alòs (Navarcles, 1957) és professor del departament d’Història Contemporània de la Universitat de Barcelona i autor de diversos llibres i articles sobre la industrialització cotonera i la història agrària de Catalunya. Dins d’aquest àmbit, s’ha especialitzat en el camp de la viticultura. També és autor de llibres sobre la família i el sistema hereditari a Catalunya. Els seus darrers llibres publicats són L<em>a vida rural a Catalunya</em> (Angle Editorial), <em>Les masies a Catalunya</em> (Angle Editorial) i <em>La masia de 1907</em> (Ara Llibres, amb la col·laboració de TV3).</p>

<!-- This site is optimized with the Yoast SEO plugin v22.8 - https://yoast.com/wordpress/plugins/seo/ -->
<title>Llorenç Ferrer Alòs - Editorial Mediterrània</title>
<meta name="robots" content="index, follow, max-snippet:-1, max-image-preview:large, max-video-preview:-1" />
<link rel="canonical" href="https://editorialmediterrania.com/en/autor/llorenc-ferrer-alos/" />
<meta property="og:locale" content="en_US" />
<meta property="og:type" content="article" />
<meta property="og:title" content="Llorenç Ferrer Alòs - Editorial Mediterrània" />
<meta property="og:description" content="Llorenç Ferrer Alòs (Navarcles, 1957) és professor del departament d’Història Contemporània de la Universitat de Barcelona i autor de diversos llibres i articles sobre la industrialització cotonera i la història agrària de Catalunya. Dins d’aquest àmbit, s’ha especialitzat en el camp de la viticultura. També és autor de llibres sobre la família i el sistema [&hellip;]" />
<meta property="og:url" content="https://editorialmediterrania.com/en/autor/llorenc-ferrer-alos/" />
<meta property="og:site_name" content="Editorial Mediterrània" />
<meta property="article:modified_time" content="2024-04-11T14:18:58+00:00" />
<meta property="og:image" content="https://editorialmediterrania.com/wp-content/uploads/2015/10/Llorenç_Ferrer_Alòs.jpg" />
	<meta property="og:image:width" content="600" />
	<meta property="og:image:height" content="600" />
	<meta property="og:image:type" content="image/jpeg" />
<meta name="twitter:card" content="summary_large_image" />
<meta name="twitter:site" content="@edmediterrania" />
<script type="application/ld+json" class="yoast-schema-graph">{"@context":"https://schema.org","@graph":[{"@type":"WebPage","@id":"https://editorialmediterrania.com/en/autor/llorenc-ferrer-alos/","url":"https://editorialmediterrania.com/en/autor/llorenc-ferrer-alos/","name":"Llorenç Ferrer Alòs - Editorial Mediterrània","isPartOf":{"@id":"https://editorialmediterrania.com/en/#website"},"primaryImageOfPage":{"@id":"https://editorialmediterrania.com/en/autor/llorenc-ferrer-alos/#primaryimage"},"image":{"@id":"https://editorialmediterrania.com/en/autor/llorenc-ferrer-alos/#primaryimage"},"thumbnailUrl":"https://editorialmediterrania.com/wp-content/uploads/2015/10/Llorenç_Ferrer_Alòs.jpg","datePublished":"2015-10-05T16:20:40+00:00","dateModified":"2024-04-11T14:18:58+00:00","inLanguage":"en-US","potentialAction":[{"@type":"ReadAction","target":["https://editorialmediterrania.com/en/autor/llorenc-ferrer-alos/"]}]},{"@type":"ImageObject","inLanguage":"en-US","@id":"https://editorialmediterrania.com/en/autor/llorenc-ferrer-alos/#primaryimage","url":"https://editorialmediterrania.com/wp-content/uploads/2015/10/Llorenç_Ferrer_Alòs.jpg","contentUrl":"https://editorialmediterrania.com/wp-content/uploads/2015/10/Llorenç_Ferrer_Alòs.jpg","width":600,"height":600},{"@type":"WebSite","@id":"https://editorialmediterrania.com/en/#website","url":"https://editorialmediterrania.com/en/","name":"Editorial Mediterrania","description":"Llibres que t’obriran nous mons","publisher":{"@id":"https://editorialmediterrania.com/en/#organization"},"alternateName":"Llibres infantils d'art, cultura i natura","potentialAction":[{"@type":"SearchAction","target":{"@type":"EntryPoint","urlTemplate":"https://editorialmediterrania.com/en/?s={search_term_string}"},"query-input":"required name=search_term_string"}],"inLanguage":"en-US"},{"@type":"Organization","@id":"https://editorialmediterrania.com/en/#organization","name":"Editorial Mediterrania","alternateName":"Llibres d'art, cultura i natura per infants i famílies","url":"https://editorialmediterrania.com/en/","logo":{"@type":"ImageObject","inLanguage":"en-US","@id":"https://editorialmediterrania.com/en/#/schema/logo/image/","url":"https://editorialmediterrania.com/wp-content/uploads/2023/03/LOGO-ED_MEDITERRANIA_OK-2.png","contentUrl":"https://editorialmediterrania.com/wp-content/uploads/2023/03/LOGO-ED_MEDITERRANIA_OK-2.png","width":1200,"height":300,"caption":"Editorial Mediterrania"},"image":{"@id":"https://editorialmediterrania.com/en/#/schema/logo/image/"},"sameAs":["https://x.com/edmediterrania","https://www.instagram.com/editorialmediterrania/"]}]}</script>
<!-- / Yoast SEO plugin. -->

Llorenç Ferrer Alòs - Editorial Mediterrània

Llorenç Ferrer Alòs (Navarcles, 1957) és professor del departament d’Història Contemporània de la Universitat de Barcelona i autor de diversos llibres i articles sobre la industrialització cotonera i la història agrària de Catalunya. Dins d’aquest àmbit, s’ha especialitzat en el camp de la viticultura. També és autor de llibres sobre la família i el sistema [&hellip;]

Editorial Mediterrània

Llibres d'art, cultura i natura per infants i famílies
