{"id":34441,"date":"2021-02-08T12:43:52","date_gmt":"2021-02-08T11:43:52","guid":{"rendered":"http:\/\/localhost:8888\/mediterrania\/?post_type=product&#038;p=34441"},"modified":"2025-07-29T10:49:56","modified_gmt":"2025-07-29T08:49:56","slug":"pintem-sant-jordi","status":"publish","type":"product","link":"https:\/\/editorialmediterrania.com\/en\/product\/pintem-sant-jordi\/","title":{"rendered":"Pintem! Sant Jordi"},"content":{"rendered":"<p><em>Pintem! Sant Jordi<\/em> \u00e9s un quadern il\u00b7lustrat perqu\u00e8 els m\u00e9s petits de la casa puguin divertir-se acolorint al mateix temps que viuen la llegenda de Sant Jordi. Totes les p\u00e0gines dobles estan plantejades amb una part en blanc i negre, per tal d\u2019acolorir, i una en color.<\/p>\n<p>La coneguda il\u00b7lustradora Pilar\u00edn Bay\u00e9s ha dibuixat per a aquesta ocasi\u00f3 diverses escenes de la hist\u00f2ria m\u00e9s coneguda: la festa del llibre i la rosa!<\/p>\n<p>&nbsp;<\/p>\n","protected":false},"excerpt":{"rendered":"<p>Pintem! Sant Jordi \u00e9s un quadern il\u00b7lustrat perqu\u00e8 els m\u00e9s petits de la casa puguin divertir-se acolorint al mateix temps que viuen la llegenda de Sant Jordi. Totes les p\u00e0gines dobles estan plantejades amb una part en blanc i negre, per tal d\u2019acolorir, i una en color. La coneguda il\u00b7lustradora Pilar\u00edn Bay\u00e9s ha dibuixat per [&hellip;]<\/p>\n","protected":false},"featured_media":34442,"template":"","meta":[],"product_cat":[16,4363],"product_tag":[5919,4362,365,1808,5918,5920,2455,1196],"autors":[],"class_list":{"0":"post-34441","1":"product","2":"type-product","3":"status-publish","4":"has-post-thumbnail","6":"product_cat-editorial-mediterrania","7":"product_cat-pintem","8":"product_tag-llibres-per-pintar","9":"product_tag-pilarin-bayes","10":"product_tag-pintem","11":"product_tag-pintor","12":"product_tag-quadern-il-lustrat","13":"product_tag-quaderns-per-pintar","14":"product_tag-sant-jordi","15":"product_tag-tradicions","17":"first","18":"instock","19":"purchasable","20":"product-type-simple","swatches":"rey-swatches","show_selected":""},"acf":[],"yoast_head":"<!-- This site is optimized with the Yoast SEO plugin v22.8 - https:\/\/yoast.com\/wordpress\/plugins\/seo\/ -->\n<title>Quadern Il.lustrat Pintem! Sant Jordi | Editorial Mediterr\u00e0nia<\/title>\n<meta name=\"description\" content=\"Pintem! Sant Jordi \u00e9s un quadern il\u00b7lustrat perqu\u00e8 els m\u00e9s petits de la casa puguin divertir-se acolorint al mateix temps que viuen la llegenda de Sant Jordi.\" \/>\n<meta name=\"robots\" content=\"index, follow, max-snippet:-1, max-image-preview:large, max-video-preview:-1\" \/>\n<link rel=\"canonical\" href=\"https:\/\/editorialmediterrania.com\/en\/product\/pintem-sant-jordi\/\" \/>\n<meta property=\"og:locale\" content=\"en_US\" \/>\n<meta property=\"og:type\" content=\"article\" \/>\n<meta property=\"og:title\" content=\"Quadern Il.lustrat Pintem! Sant Jordi | Editorial Mediterr\u00e0nia\" \/>\n<meta property=\"og:description\" content=\"Pintem! Sant Jordi \u00e9s un quadern il\u00b7lustrat perqu\u00e8 els m\u00e9s petits de la casa puguin divertir-se acolorint al mateix temps que viuen la llegenda de Sant Jordi.\" \/>\n<meta property=\"og:url\" content=\"https:\/\/editorialmediterrania.com\/en\/product\/pintem-sant-jordi\/\" \/>\n<meta property=\"og:site_name\" content=\"Editorial Mediterr\u00e0nia\" \/>\n<meta property=\"article:modified_time\" content=\"2025-07-29T08:49:56+00:00\" \/>\n<meta property=\"og:image\" content=\"https:\/\/editorialmediterrania.com\/wp-content\/uploads\/2021\/02\/Coberta-Pintem-St-Jordi_BAIXA-scaled.jpg\" \/>\n\t<meta property=\"og:image:width\" content=\"2560\" \/>\n\t<meta property=\"og:image:height\" content=\"2556\" \/>\n\t<meta property=\"og:image:type\" content=\"image\/jpeg\" \/>\n<meta name=\"twitter:card\" content=\"summary_large_image\" \/>\n<meta name=\"twitter:site\" content=\"@edmediterrania\" \/>\n<meta name=\"twitter:label1\" content=\"Est. reading time\" \/>\n\t<meta name=\"twitter:data1\" content=\"1 minute\" \/>\n<script type=\"application\/ld+json\" class=\"yoast-schema-graph\">{\"@context\":\"https:\/\/schema.org\",\"@graph\":[{\"@type\":\"WebPage\",\"@id\":\"https:\/\/editorialmediterrania.com\/en\/product\/pintem-sant-jordi\/\",\"url\":\"https:\/\/editorialmediterrania.com\/en\/product\/pintem-sant-jordi\/\",\"name\":\"Quadern Il.lustrat Pintem! Sant Jordi | Editorial Mediterr\u00e0nia\",\"isPartOf\":{\"@id\":\"https:\/\/editorialmediterrania.com\/en\/#website\"},\"primaryImageOfPage\":{\"@id\":\"https:\/\/editorialmediterrania.com\/en\/product\/pintem-sant-jordi\/#primaryimage\"},\"image\":{\"@id\":\"https:\/\/editorialmediterrania.com\/en\/product\/pintem-sant-jordi\/#primaryimage\"},\"thumbnailUrl\":\"https:\/\/editorialmediterrania.com\/wp-content\/uploads\/2021\/02\/Coberta-Pintem-St-Jordi_BAIXA-scaled.jpg\",\"datePublished\":\"2021-02-08T11:43:52+00:00\",\"dateModified\":\"2025-07-29T08:49:56+00:00\",\"description\":\"Pintem! Sant Jordi \u00e9s un quadern il\u00b7lustrat perqu\u00e8 els m\u00e9s petits de la casa puguin divertir-se acolorint al mateix temps que viuen la llegenda de Sant Jordi.\",\"breadcrumb\":{\"@id\":\"https:\/\/editorialmediterrania.com\/en\/product\/pintem-sant-jordi\/#breadcrumb\"},\"inLanguage\":\"en-US\",\"potentialAction\":[{\"@type\":\"ReadAction\",\"target\":[\"https:\/\/editorialmediterrania.com\/en\/product\/pintem-sant-jordi\/\"]}]},{\"@type\":\"ImageObject\",\"inLanguage\":\"en-US\",\"@id\":\"https:\/\/editorialmediterrania.com\/en\/product\/pintem-sant-jordi\/#primaryimage\",\"url\":\"https:\/\/editorialmediterrania.com\/wp-content\/uploads\/2021\/02\/Coberta-Pintem-St-Jordi_BAIXA-scaled.jpg\",\"contentUrl\":\"https:\/\/editorialmediterrania.com\/wp-content\/uploads\/2021\/02\/Coberta-Pintem-St-Jordi_BAIXA-scaled.jpg\",\"width\":2560,\"height\":2556,\"caption\":\"Quadern Il.lustrat Pintem! Sant Jordi - Editorial Mediterr\u00e0nia\"},{\"@type\":\"BreadcrumbList\",\"@id\":\"https:\/\/editorialmediterrania.com\/en\/product\/pintem-sant-jordi\/#breadcrumb\",\"itemListElement\":[{\"@type\":\"ListItem\",\"position\":1,\"name\":\"Children&#8217;s art book store\",\"item\":\"https:\/\/editorialmediterrania.com\/en\/childrens-art-book-store\/\"},{\"@type\":\"ListItem\",\"position\":2,\"name\":\"Pintem! Sant Jordi\"}]},{\"@type\":\"WebSite\",\"@id\":\"https:\/\/editorialmediterrania.com\/en\/#website\",\"url\":\"https:\/\/editorialmediterrania.com\/en\/\",\"name\":\"Editorial Mediterrania\",\"description\":\"Llibres que t\u2019obriran nous mons\",\"publisher\":{\"@id\":\"https:\/\/editorialmediterrania.com\/en\/#organization\"},\"alternateName\":\"Llibres infantils d'art, cultura i natura\",\"potentialAction\":[{\"@type\":\"SearchAction\",\"target\":{\"@type\":\"EntryPoint\",\"urlTemplate\":\"https:\/\/editorialmediterrania.com\/en\/?s={search_term_string}\"},\"query-input\":\"required name=search_term_string\"}],\"inLanguage\":\"en-US\"},{\"@type\":\"Organization\",\"@id\":\"https:\/\/editorialmediterrania.com\/en\/#organization\",\"name\":\"Editorial Mediterrania\",\"alternateName\":\"Llibres d'art, cultura i natura per infants i fam\u00edlies\",\"url\":\"https:\/\/editorialmediterrania.com\/en\/\",\"logo\":{\"@type\":\"ImageObject\",\"inLanguage\":\"en-US\",\"@id\":\"https:\/\/editorialmediterrania.com\/en\/#\/schema\/logo\/image\/\",\"url\":\"https:\/\/editorialmediterrania.com\/wp-content\/uploads\/2023\/03\/LOGO-ED_MEDITERRANIA_OK-2.png\",\"contentUrl\":\"https:\/\/editorialmediterrania.com\/wp-content\/uploads\/2023\/03\/LOGO-ED_MEDITERRANIA_OK-2.png\",\"width\":1200,\"height\":300,\"caption\":\"Editorial Mediterrania\"},\"image\":{\"@id\":\"https:\/\/editorialmediterrania.com\/en\/#\/schema\/logo\/image\/\"},\"sameAs\":[\"https:\/\/x.com\/edmediterrania\",\"https:\/\/www.instagram.com\/editorialmediterrania\/\"]}]}<\/script>\n<!-- \/ Yoast SEO plugin. -->","yoast_head_json":{"title":"Quadern Il.lustrat Pintem! Sant Jordi | Editorial Mediterr\u00e0nia","description":"Pintem! Sant Jordi \u00e9s un quadern il\u00b7lustrat perqu\u00e8 els m\u00e9s petits de la casa puguin divertir-se acolorint al mateix temps que viuen la llegenda de Sant Jordi.","robots":{"index":"index","follow":"follow","max-snippet":"max-snippet:-1","max-image-preview":"max-image-preview:large","max-video-preview":"max-video-preview:-1"},"canonical":"https:\/\/editorialmediterrania.com\/en\/product\/pintem-sant-jordi\/","og_locale":"en_US","og_type":"article","og_title":"Quadern Il.lustrat Pintem! Sant Jordi | Editorial Mediterr\u00e0nia","og_description":"Pintem! Sant Jordi \u00e9s un quadern il\u00b7lustrat perqu\u00e8 els m\u00e9s petits de la casa puguin divertir-se acolorint al mateix temps que viuen la llegenda de Sant Jordi.","og_url":"https:\/\/editorialmediterrania.com\/en\/product\/pintem-sant-jordi\/","og_site_name":"Editorial Mediterr\u00e0nia","article_modified_time":"2025-07-29T08:49:56+00:00","og_image":[{"width":2560,"height":2556,"url":"https:\/\/editorialmediterrania.com\/wp-content\/uploads\/2021\/02\/Coberta-Pintem-St-Jordi_BAIXA-scaled.jpg","type":"image\/jpeg"}],"twitter_card":"summary_large_image","twitter_site":"@edmediterrania","twitter_misc":{"Est. reading time":"1 minute"},"schema":{"@context":"https:\/\/schema.org","@graph":[{"@type":"WebPage","@id":"https:\/\/editorialmediterrania.com\/en\/product\/pintem-sant-jordi\/","url":"https:\/\/editorialmediterrania.com\/en\/product\/pintem-sant-jordi\/","name":"Quadern Il.lustrat Pintem! Sant Jordi | Editorial Mediterr\u00e0nia","isPartOf":{"@id":"https:\/\/editorialmediterrania.com\/en\/#website"},"primaryImageOfPage":{"@id":"https:\/\/editorialmediterrania.com\/en\/product\/pintem-sant-jordi\/#primaryimage"},"image":{"@id":"https:\/\/editorialmediterrania.com\/en\/product\/pintem-sant-jordi\/#primaryimage"},"thumbnailUrl":"https:\/\/editorialmediterrania.com\/wp-content\/uploads\/2021\/02\/Coberta-Pintem-St-Jordi_BAIXA-scaled.jpg","datePublished":"2021-02-08T11:43:52+00:00","dateModified":"2025-07-29T08:49:56+00:00","description":"Pintem! Sant Jordi \u00e9s un quadern il\u00b7lustrat perqu\u00e8 els m\u00e9s petits de la casa puguin divertir-se acolorint al mateix temps que viuen la llegenda de Sant Jordi.","breadcrumb":{"@id":"https:\/\/editorialmediterrania.com\/en\/product\/pintem-sant-jordi\/#breadcrumb"},"inLanguage":"en-US","potentialAction":[{"@type":"ReadAction","target":["https:\/\/editorialmediterrania.com\/en\/product\/pintem-sant-jordi\/"]}]},{"@type":"ImageObject","inLanguage":"en-US","@id":"https:\/\/editorialmediterrania.com\/en\/product\/pintem-sant-jordi\/#primaryimage","url":"https:\/\/editorialmediterrania.com\/wp-content\/uploads\/2021\/02\/Coberta-Pintem-St-Jordi_BAIXA-scaled.jpg","contentUrl":"https:\/\/editorialmediterrania.com\/wp-content\/uploads\/2021\/02\/Coberta-Pintem-St-Jordi_BAIXA-scaled.jpg","width":2560,"height":2556,"caption":"Quadern Il.lustrat Pintem! Sant Jordi - Editorial Mediterr\u00e0nia"},{"@type":"BreadcrumbList","@id":"https:\/\/editorialmediterrania.com\/en\/product\/pintem-sant-jordi\/#breadcrumb","itemListElement":[{"@type":"ListItem","position":1,"name":"Children&#8217;s art book store","item":"https:\/\/editorialmediterrania.com\/en\/childrens-art-book-store\/"},{"@type":"ListItem","position":2,"name":"Pintem! Sant Jordi"}]},{"@type":"WebSite","@id":"https:\/\/editorialmediterrania.com\/en\/#website","url":"https:\/\/editorialmediterrania.com\/en\/","name":"Editorial Mediterrania","description":"Llibres que t\u2019obriran nous mons","publisher":{"@id":"https:\/\/editorialmediterrania.com\/en\/#organization"},"alternateName":"Llibres infantils d'art, cultura i natura","potentialAction":[{"@type":"SearchAction","target":{"@type":"EntryPoint","urlTemplate":"https:\/\/editorialmediterrania.com\/en\/?s={search_term_string}"},"query-input":"required name=search_term_string"}],"inLanguage":"en-US"},{"@type":"Organization","@id":"https:\/\/editorialmediterrania.com\/en\/#organization","name":"Editorial Mediterrania","alternateName":"Llibres d'art, cultura i natura per infants i fam\u00edlies","url":"https:\/\/editorialmediterrania.com\/en\/","logo":{"@type":"ImageObject","inLanguage":"en-US","@id":"https:\/\/editorialmediterrania.com\/en\/#\/schema\/logo\/image\/","url":"https:\/\/editorialmediterrania.com\/wp-content\/uploads\/2023\/03\/LOGO-ED_MEDITERRANIA_OK-2.png","contentUrl":"https:\/\/editorialmediterrania.com\/wp-content\/uploads\/2023\/03\/LOGO-ED_MEDITERRANIA_OK-2.png","width":1200,"height":300,"caption":"Editorial Mediterrania"},"image":{"@id":"https:\/\/editorialmediterrania.com\/en\/#\/schema\/logo\/image\/"},"sameAs":["https:\/\/x.com\/edmediterrania","https:\/\/www.instagram.com\/editorialmediterrania\/"]}]}},"_links":{"self":[{"href":"https:\/\/editorialmediterrania.com\/en\/wp-json\/wp\/v2\/product\/34441","targetHints":{"allow":["GET"]}}],"collection":[{"href":"https:\/\/editorialmediterrania.com\/en\/wp-json\/wp\/v2\/product"}],"about":[{"href":"https:\/\/editorialmediterrania.com\/en\/wp-json\/wp\/v2\/types\/product"}],"wp:featuredmedia":[{"embeddable":true,"href":"https:\/\/editorialmediterrania.com\/en\/wp-json\/wp\/v2\/media\/34442"}],"wp:attachment":[{"href":"https:\/\/editorialmediterrania.com\/en\/wp-json\/wp\/v2\/media?parent=34441"}],"wp:term":[{"taxonomy":"product_cat","embeddable":true,"href":"https:\/\/editorialmediterrania.com\/en\/wp-json\/wp\/v2\/product_cat?post=34441"},{"taxonomy":"product_tag","embeddable":true,"href":"https:\/\/editorialmediterrania.com\/en\/wp-json\/wp\/v2\/product_tag?post=34441"},{"taxonomy":"autors","embeddable":true,"href":"https:\/\/editorialmediterrania.com\/en\/wp-json\/wp\/v2\/autors?post=34441"}],"curies":[{"name":"wp","href":"https:\/\/api.w.org\/{rel}","templated":true}]}}

<p><em>Pintem! Sant Jordi</em> és un quadern il·lustrat perquè els més petits de la casa puguin divertir-se acolorint al mateix temps que viuen la llegenda de Sant Jordi. Totes les pàgines dobles estan plantejades amb una part en blanc i negre, per tal d’acolorir, i una en color.</p>
<p>La coneguda il·lustradora Pilarín Bayés ha dibuixat per a aquesta ocasió diverses escenes de la història més coneguda: la festa del llibre i la rosa!</p>
<p>&nbsp;</p>

<p>Pintem! Sant Jordi és un quadern il·lustrat perquè els més petits de la casa puguin divertir-se acolorint al mateix temps que viuen la llegenda de Sant Jordi. Totes les pàgines dobles estan plantejades amb una part en blanc i negre, per tal d’acolorir, i una en color. La coneguda il·lustradora Pilarín Bayés ha dibuixat per [&hellip;]</p>

<!-- This site is optimized with the Yoast SEO plugin v22.8 - https://yoast.com/wordpress/plugins/seo/ -->
<title>Quadern Il.lustrat Pintem! Sant Jordi | Editorial Mediterrània</title>
<meta name="description" content="Pintem! Sant Jordi és un quadern il·lustrat perquè els més petits de la casa puguin divertir-se acolorint al mateix temps que viuen la llegenda de Sant Jordi." />
<meta name="robots" content="index, follow, max-snippet:-1, max-image-preview:large, max-video-preview:-1" />
<link rel="canonical" href="https://editorialmediterrania.com/en/product/pintem-sant-jordi/" />
<meta property="og:locale" content="en_US" />
<meta property="og:type" content="article" />
<meta property="og:title" content="Quadern Il.lustrat Pintem! Sant Jordi | Editorial Mediterrània" />
<meta property="og:description" content="Pintem! Sant Jordi és un quadern il·lustrat perquè els més petits de la casa puguin divertir-se acolorint al mateix temps que viuen la llegenda de Sant Jordi." />
<meta property="og:url" content="https://editorialmediterrania.com/en/product/pintem-sant-jordi/" />
<meta property="og:site_name" content="Editorial Mediterrània" />
<meta property="article:modified_time" content="2025-07-29T08:49:56+00:00" />
<meta property="og:image" content="https://editorialmediterrania.com/wp-content/uploads/2021/02/Coberta-Pintem-St-Jordi_BAIXA-scaled.jpg" />
	<meta property="og:image:width" content="2560" />
	<meta property="og:image:height" content="2556" />
	<meta property="og:image:type" content="image/jpeg" />
<meta name="twitter:card" content="summary_large_image" />
<meta name="twitter:site" content="@edmediterrania" />
<meta name="twitter:label1" content="Est. reading time" />
	<meta name="twitter:data1" content="1 minute" />
<script type="application/ld+json" class="yoast-schema-graph">{"@context":"https://schema.org","@graph":[{"@type":"WebPage","@id":"https://editorialmediterrania.com/en/product/pintem-sant-jordi/","url":"https://editorialmediterrania.com/en/product/pintem-sant-jordi/","name":"Quadern Il.lustrat Pintem! Sant Jordi | Editorial Mediterrània","isPartOf":{"@id":"https://editorialmediterrania.com/en/#website"},"primaryImageOfPage":{"@id":"https://editorialmediterrania.com/en/product/pintem-sant-jordi/#primaryimage"},"image":{"@id":"https://editorialmediterrania.com/en/product/pintem-sant-jordi/#primaryimage"},"thumbnailUrl":"https://editorialmediterrania.com/wp-content/uploads/2021/02/Coberta-Pintem-St-Jordi_BAIXA-scaled.jpg","datePublished":"2021-02-08T11:43:52+00:00","dateModified":"2025-07-29T08:49:56+00:00","description":"Pintem! Sant Jordi és un quadern il·lustrat perquè els més petits de la casa puguin divertir-se acolorint al mateix temps que viuen la llegenda de Sant Jordi.","breadcrumb":{"@id":"https://editorialmediterrania.com/en/product/pintem-sant-jordi/#breadcrumb"},"inLanguage":"en-US","potentialAction":[{"@type":"ReadAction","target":["https://editorialmediterrania.com/en/product/pintem-sant-jordi/"]}]},{"@type":"ImageObject","inLanguage":"en-US","@id":"https://editorialmediterrania.com/en/product/pintem-sant-jordi/#primaryimage","url":"https://editorialmediterrania.com/wp-content/uploads/2021/02/Coberta-Pintem-St-Jordi_BAIXA-scaled.jpg","contentUrl":"https://editorialmediterrania.com/wp-content/uploads/2021/02/Coberta-Pintem-St-Jordi_BAIXA-scaled.jpg","width":2560,"height":2556,"caption":"Quadern Il.lustrat Pintem! Sant Jordi - Editorial Mediterrània"},{"@type":"BreadcrumbList","@id":"https://editorialmediterrania.com/en/product/pintem-sant-jordi/#breadcrumb","itemListElement":[{"@type":"ListItem","position":1,"name":"Children&#8217;s art book store","item":"https://editorialmediterrania.com/en/childrens-art-book-store/"},{"@type":"ListItem","position":2,"name":"Pintem! Sant Jordi"}]},{"@type":"WebSite","@id":"https://editorialmediterrania.com/en/#website","url":"https://editorialmediterrania.com/en/","name":"Editorial Mediterrania","description":"Llibres que t’obriran nous mons","publisher":{"@id":"https://editorialmediterrania.com/en/#organization"},"alternateName":"Llibres infantils d'art, cultura i natura","potentialAction":[{"@type":"SearchAction","target":{"@type":"EntryPoint","urlTemplate":"https://editorialmediterrania.com/en/?s={search_term_string}"},"query-input":"required name=search_term_string"}],"inLanguage":"en-US"},{"@type":"Organization","@id":"https://editorialmediterrania.com/en/#organization","name":"Editorial Mediterrania","alternateName":"Llibres d'art, cultura i natura per infants i famílies","url":"https://editorialmediterrania.com/en/","logo":{"@type":"ImageObject","inLanguage":"en-US","@id":"https://editorialmediterrania.com/en/#/schema/logo/image/","url":"https://editorialmediterrania.com/wp-content/uploads/2023/03/LOGO-ED_MEDITERRANIA_OK-2.png","contentUrl":"https://editorialmediterrania.com/wp-content/uploads/2023/03/LOGO-ED_MEDITERRANIA_OK-2.png","width":1200,"height":300,"caption":"Editorial Mediterrania"},"image":{"@id":"https://editorialmediterrania.com/en/#/schema/logo/image/"},"sameAs":["https://x.com/edmediterrania","https://www.instagram.com/editorialmediterrania/"]}]}</script>
<!-- / Yoast SEO plugin. -->

Quadern Il.lustrat Pintem! Sant Jordi | Editorial Mediterrània

Pintem! Sant Jordi és un quadern il·lustrat perquè els més petits de la casa puguin divertir-se acolorint al mateix temps que viuen la llegenda de Sant Jordi.

Editorial Mediterrània

Quadern Il.lustrat Pintem! Sant Jordi - Editorial Mediterrània

Llibres d'art, cultura i natura per infants i famílies
