{"id":708,"date":"2012-11-25T14:15:49","date_gmt":"2012-11-25T14:15:49","guid":{"rendered":"http:\/\/mediterrania.adgency.es\/contacte-2\/"},"modified":"2016-06-08T13:17:11","modified_gmt":"2016-06-08T11:17:11","slug":"contacta-con-la-editorial","status":"publish","type":"page","link":"https:\/\/editorialmediterrania.com\/es\/contacta-con-la-editorial\/","title":{"rendered":"Contacta con la editorial"},"content":{"rendered":"<h2>Escr\u00edbenos!<\/h2>\n<p>Estaremos encantados de responderte. Los campos marcados con el asterisco son obligatorios.<\/p>\n<p class=\"wpcf7-contact-form-not-found\"><strong>Error:<\/strong> Formulario de contacto no encontrado.<\/p>\n<p>&nbsp;<\/p>\n<h2>Direcci\u00f3n:<\/h2>\n<p><strong>Editorial Mediterr\u00e0nia<\/strong><br \/>\nCasp, 108, 8a planta<br \/>\n08010 Barcelona<br \/>\nTel: 93 218 34 58<br \/>\nFax: 93 237 22 10<\/p>\n<p>&nbsp;<\/p>\n<h2>Mapa de localizaci\u00f3n:<\/h2>\n<p><iframe src=\"http:\/\/maps.google.com\/maps?f=q&amp;source=s_q&amp;hl=en&amp;geocode=&amp;q=Carrer+de+Casp,+108,+Barcelona,+Spain&amp;aq=0&amp;oq=Casp,+108&amp;sll=37.0625,-95.677068&amp;sspn=40.052282,79.013672&amp;ie=UTF8&amp;hq=&amp;hnear=Carrer+de+Casp,+108,+08010+Barcelona,+Spain&amp;t=m&amp;z=14&amp;ll=41.39445,2.177667&amp;output=embed\" width=\"550\" height=\"350\" frameborder=\"0\" marginwidth=\"0\" marginheight=\"0\" scrolling=\"no\"><\/iframe><br \/>\n<small><a style=\"color: #0000ff; text-align: left;\" href=\"http:\/\/maps.google.com\/maps?f=q&amp;source=embed&amp;hl=en&amp;geocode=&amp;q=Carrer+de+Casp,+108,+Barcelona,+Spain&amp;aq=0&amp;oq=Casp,+108&amp;sll=37.0625,-95.677068&amp;sspn=40.052282,79.013672&amp;ie=UTF8&amp;hq=&amp;hnear=Carrer+de+Casp,+108,+08010+Barcelona,+Spain&amp;t=m&amp;z=14&amp;ll=41.39445,2.177667\">Ampliar mapa<\/a><\/small><\/p>\n","protected":false},"excerpt":{"rendered":"<p>Escr\u00edbenos! Estaremos encantados de responderte. Los campos marcados con el asterisco son obligatorios. &nbsp; Direcci\u00f3n: Editorial Mediterr\u00e0nia Casp, 108, 8a planta 08010 Barcelona Tel: 93 218 34 58 Fax: 93 237 22 10 &nbsp; Mapa de localizaci\u00f3n: Ampliar mapa<\/p>\n","protected":false},"author":39,"featured_media":0,"parent":0,"menu_order":0,"comment_status":"closed","ping_status":"open","template":"","meta":{"footnotes":""},"class_list":["post-708","page","type-page","status-publish","hentry"],"acf":[],"yoast_head":"<!-- This site is optimized with the Yoast SEO plugin v22.8 - https:\/\/yoast.com\/wordpress\/plugins\/seo\/ -->\n<title>Contacta con la editorial - Editorial Mediterr\u00e0nia<\/title>\n<meta name=\"description\" content=\"Descobreix un m\u00f3n de meravelles a trav\u00e9s dels llibres de la nostra editorial especialitzada en art, cultura i natura per a fam\u00edlies. Amb il\u00b7lustracions fascinants i hist\u00f2ries enriquidores, inspirem el descobriment i la curiositat en petits i grans, connectant-los amb el patrimoni cultural i el meravell\u00f3s m\u00f3n natural que ens envolta\" \/>\n<meta name=\"robots\" content=\"index, follow, max-snippet:-1, max-image-preview:large, max-video-preview:-1\" \/>\n<link rel=\"canonical\" href=\"https:\/\/editorialmediterrania.com\/es\/contacta-con-la-editorial\/\" \/>\n<meta property=\"og:locale\" content=\"es_ES\" \/>\n<meta property=\"og:type\" content=\"article\" \/>\n<meta property=\"og:title\" content=\"Contacta con la editorial - Editorial Mediterr\u00e0nia\" \/>\n<meta property=\"og:description\" content=\"Descobreix un m\u00f3n de meravelles a trav\u00e9s dels llibres de la nostra editorial especialitzada en art, cultura i natura per a fam\u00edlies. Amb il\u00b7lustracions fascinants i hist\u00f2ries enriquidores, inspirem el descobriment i la curiositat en petits i grans, connectant-los amb el patrimoni cultural i el meravell\u00f3s m\u00f3n natural que ens envolta\" \/>\n<meta property=\"og:url\" content=\"https:\/\/editorialmediterrania.com\/es\/contacta-con-la-editorial\/\" \/>\n<meta property=\"og:site_name\" content=\"Editorial Mediterr\u00e0nia\" \/>\n<meta property=\"article:modified_time\" content=\"2016-06-08T11:17:11+00:00\" \/>\n<meta property=\"og:image\" content=\"https:\/\/editorialmediterrania.com\/wp-content\/uploads\/2023\/03\/cropped-LOGO-ED_MEDITERRANIA_OK-2.png\" \/>\n\t<meta property=\"og:image:width\" content=\"512\" \/>\n\t<meta property=\"og:image:height\" content=\"512\" \/>\n\t<meta property=\"og:image:type\" content=\"image\/png\" \/>\n<meta name=\"twitter:card\" content=\"summary_large_image\" \/>\n<meta name=\"twitter:site\" content=\"@edmediterrania\" \/>\n<script type=\"application\/ld+json\" class=\"yoast-schema-graph\">{\"@context\":\"https:\/\/schema.org\",\"@graph\":[{\"@type\":\"WebPage\",\"@id\":\"https:\/\/editorialmediterrania.com\/es\/contacta-con-la-editorial\/\",\"url\":\"https:\/\/editorialmediterrania.com\/es\/contacta-con-la-editorial\/\",\"name\":\"Contacta con la editorial - Editorial Mediterr\u00e0nia\",\"isPartOf\":{\"@id\":\"https:\/\/editorialmediterrania.com\/es\/#website\"},\"datePublished\":\"2012-11-25T14:15:49+00:00\",\"dateModified\":\"2016-06-08T11:17:11+00:00\",\"description\":\"Descobreix un m\u00f3n de meravelles a trav\u00e9s dels llibres de la nostra editorial especialitzada en art, cultura i natura per a fam\u00edlies. Amb il\u00b7lustracions fascinants i hist\u00f2ries enriquidores, inspirem el descobriment i la curiositat en petits i grans, connectant-los amb el patrimoni cultural i el meravell\u00f3s m\u00f3n natural que ens envolta\",\"inLanguage\":\"es\",\"potentialAction\":[{\"@type\":\"ReadAction\",\"target\":[\"https:\/\/editorialmediterrania.com\/es\/contacta-con-la-editorial\/\"]}]},{\"@type\":\"WebSite\",\"@id\":\"https:\/\/editorialmediterrania.com\/es\/#website\",\"url\":\"https:\/\/editorialmediterrania.com\/es\/\",\"name\":\"Editorial Mediterrania\",\"description\":\"Llibres que t\u2019obriran nous mons\",\"publisher\":{\"@id\":\"https:\/\/editorialmediterrania.com\/es\/#organization\"},\"alternateName\":\"Llibres infantils d'art, cultura i natura\",\"potentialAction\":[{\"@type\":\"SearchAction\",\"target\":{\"@type\":\"EntryPoint\",\"urlTemplate\":\"https:\/\/editorialmediterrania.com\/es\/?s={search_term_string}\"},\"query-input\":\"required name=search_term_string\"}],\"inLanguage\":\"es\"},{\"@type\":\"Organization\",\"@id\":\"https:\/\/editorialmediterrania.com\/es\/#organization\",\"name\":\"Editorial Mediterrania\",\"alternateName\":\"Llibres d'art, cultura i natura per infants i fam\u00edlies\",\"url\":\"https:\/\/editorialmediterrania.com\/es\/\",\"logo\":{\"@type\":\"ImageObject\",\"inLanguage\":\"es\",\"@id\":\"https:\/\/editorialmediterrania.com\/es\/#\/schema\/logo\/image\/\",\"url\":\"https:\/\/editorialmediterrania.com\/wp-content\/uploads\/2023\/03\/LOGO-ED_MEDITERRANIA_OK-2.png\",\"contentUrl\":\"https:\/\/editorialmediterrania.com\/wp-content\/uploads\/2023\/03\/LOGO-ED_MEDITERRANIA_OK-2.png\",\"width\":1200,\"height\":300,\"caption\":\"Editorial Mediterrania\"},\"image\":{\"@id\":\"https:\/\/editorialmediterrania.com\/es\/#\/schema\/logo\/image\/\"},\"sameAs\":[\"https:\/\/x.com\/edmediterrania\",\"https:\/\/www.instagram.com\/editorialmediterrania\/\"]}]}<\/script>\n<!-- \/ Yoast SEO plugin. -->","yoast_head_json":{"title":"Contacta con la editorial - Editorial Mediterr\u00e0nia","description":"Descobreix un m\u00f3n de meravelles a trav\u00e9s dels llibres de la nostra editorial especialitzada en art, cultura i natura per a fam\u00edlies. Amb il\u00b7lustracions fascinants i hist\u00f2ries enriquidores, inspirem el descobriment i la curiositat en petits i grans, connectant-los amb el patrimoni cultural i el meravell\u00f3s m\u00f3n natural que ens envolta","robots":{"index":"index","follow":"follow","max-snippet":"max-snippet:-1","max-image-preview":"max-image-preview:large","max-video-preview":"max-video-preview:-1"},"canonical":"https:\/\/editorialmediterrania.com\/es\/contacta-con-la-editorial\/","og_locale":"es_ES","og_type":"article","og_title":"Contacta con la editorial - Editorial Mediterr\u00e0nia","og_description":"Descobreix un m\u00f3n de meravelles a trav\u00e9s dels llibres de la nostra editorial especialitzada en art, cultura i natura per a fam\u00edlies. Amb il\u00b7lustracions fascinants i hist\u00f2ries enriquidores, inspirem el descobriment i la curiositat en petits i grans, connectant-los amb el patrimoni cultural i el meravell\u00f3s m\u00f3n natural que ens envolta","og_url":"https:\/\/editorialmediterrania.com\/es\/contacta-con-la-editorial\/","og_site_name":"Editorial Mediterr\u00e0nia","article_modified_time":"2016-06-08T11:17:11+00:00","og_image":[{"width":512,"height":512,"url":"https:\/\/editorialmediterrania.com\/wp-content\/uploads\/2023\/03\/cropped-LOGO-ED_MEDITERRANIA_OK-2.png","type":"image\/png"}],"twitter_card":"summary_large_image","twitter_site":"@edmediterrania","schema":{"@context":"https:\/\/schema.org","@graph":[{"@type":"WebPage","@id":"https:\/\/editorialmediterrania.com\/es\/contacta-con-la-editorial\/","url":"https:\/\/editorialmediterrania.com\/es\/contacta-con-la-editorial\/","name":"Contacta con la editorial - Editorial Mediterr\u00e0nia","isPartOf":{"@id":"https:\/\/editorialmediterrania.com\/es\/#website"},"datePublished":"2012-11-25T14:15:49+00:00","dateModified":"2016-06-08T11:17:11+00:00","description":"Descobreix un m\u00f3n de meravelles a trav\u00e9s dels llibres de la nostra editorial especialitzada en art, cultura i natura per a fam\u00edlies. Amb il\u00b7lustracions fascinants i hist\u00f2ries enriquidores, inspirem el descobriment i la curiositat en petits i grans, connectant-los amb el patrimoni cultural i el meravell\u00f3s m\u00f3n natural que ens envolta","inLanguage":"es","potentialAction":[{"@type":"ReadAction","target":["https:\/\/editorialmediterrania.com\/es\/contacta-con-la-editorial\/"]}]},{"@type":"WebSite","@id":"https:\/\/editorialmediterrania.com\/es\/#website","url":"https:\/\/editorialmediterrania.com\/es\/","name":"Editorial Mediterrania","description":"Llibres que t\u2019obriran nous mons","publisher":{"@id":"https:\/\/editorialmediterrania.com\/es\/#organization"},"alternateName":"Llibres infantils d'art, cultura i natura","potentialAction":[{"@type":"SearchAction","target":{"@type":"EntryPoint","urlTemplate":"https:\/\/editorialmediterrania.com\/es\/?s={search_term_string}"},"query-input":"required name=search_term_string"}],"inLanguage":"es"},{"@type":"Organization","@id":"https:\/\/editorialmediterrania.com\/es\/#organization","name":"Editorial Mediterrania","alternateName":"Llibres d'art, cultura i natura per infants i fam\u00edlies","url":"https:\/\/editorialmediterrania.com\/es\/","logo":{"@type":"ImageObject","inLanguage":"es","@id":"https:\/\/editorialmediterrania.com\/es\/#\/schema\/logo\/image\/","url":"https:\/\/editorialmediterrania.com\/wp-content\/uploads\/2023\/03\/LOGO-ED_MEDITERRANIA_OK-2.png","contentUrl":"https:\/\/editorialmediterrania.com\/wp-content\/uploads\/2023\/03\/LOGO-ED_MEDITERRANIA_OK-2.png","width":1200,"height":300,"caption":"Editorial Mediterrania"},"image":{"@id":"https:\/\/editorialmediterrania.com\/es\/#\/schema\/logo\/image\/"},"sameAs":["https:\/\/x.com\/edmediterrania","https:\/\/www.instagram.com\/editorialmediterrania\/"]}]}},"_links":{"self":[{"href":"https:\/\/editorialmediterrania.com\/es\/wp-json\/wp\/v2\/pages\/708","targetHints":{"allow":["GET"]}}],"collection":[{"href":"https:\/\/editorialmediterrania.com\/es\/wp-json\/wp\/v2\/pages"}],"about":[{"href":"https:\/\/editorialmediterrania.com\/es\/wp-json\/wp\/v2\/types\/page"}],"author":[{"embeddable":true,"href":"https:\/\/editorialmediterrania.com\/es\/wp-json\/wp\/v2\/users\/39"}],"replies":[{"embeddable":true,"href":"https:\/\/editorialmediterrania.com\/es\/wp-json\/wp\/v2\/comments?post=708"}],"version-history":[{"count":0,"href":"https:\/\/editorialmediterrania.com\/es\/wp-json\/wp\/v2\/pages\/708\/revisions"}],"wp:attachment":[{"href":"https:\/\/editorialmediterrania.com\/es\/wp-json\/wp\/v2\/media?parent=708"}],"curies":[{"name":"wp","href":"https:\/\/api.w.org\/{rel}","templated":true}]}}

<h2>Escríbenos!</h2>
<p>Estaremos encantados de responderte. Los campos marcados con el asterisco son obligatorios.</p>
<p class="wpcf7-contact-form-not-found"><strong>Error:</strong> Formulario de contacto no encontrado.</p>
<p>&nbsp;</p>
<h2>Dirección:</h2>
<p><strong>Editorial Mediterrània</strong><br />
Casp, 108, 8a planta<br />
08010 Barcelona<br />
Tel: 93 218 34 58<br />
Fax: 93 237 22 10</p>
<p>&nbsp;</p>
<h2>Mapa de localización:</h2>
<p><iframe src="http://maps.google.com/maps?f=q&amp;source=s_q&amp;hl=en&amp;geocode=&amp;q=Carrer+de+Casp,+108,+Barcelona,+Spain&amp;aq=0&amp;oq=Casp,+108&amp;sll=37.0625,-95.677068&amp;sspn=40.052282,79.013672&amp;ie=UTF8&amp;hq=&amp;hnear=Carrer+de+Casp,+108,+08010+Barcelona,+Spain&amp;t=m&amp;z=14&amp;ll=41.39445,2.177667&amp;output=embed" width="550" height="350" frameborder="0" marginwidth="0" marginheight="0" scrolling="no"></iframe><br />
<small><a style="color: #0000ff; text-align: left;" href="http://maps.google.com/maps?f=q&amp;source=embed&amp;hl=en&amp;geocode=&amp;q=Carrer+de+Casp,+108,+Barcelona,+Spain&amp;aq=0&amp;oq=Casp,+108&amp;sll=37.0625,-95.677068&amp;sspn=40.052282,79.013672&amp;ie=UTF8&amp;hq=&amp;hnear=Carrer+de+Casp,+108,+08010+Barcelona,+Spain&amp;t=m&amp;z=14&amp;ll=41.39445,2.177667">Ampliar mapa</a></small></p>

<p>Escríbenos! Estaremos encantados de responderte. Los campos marcados con el asterisco son obligatorios. &nbsp; Dirección: Editorial Mediterrània Casp, 108, 8a planta 08010 Barcelona Tel: 93 218 34 58 Fax: 93 237 22 10 &nbsp; Mapa de localización: Ampliar mapa</p>

<!-- This site is optimized with the Yoast SEO plugin v22.8 - https://yoast.com/wordpress/plugins/seo/ -->
<title>Contacta con la editorial - Editorial Mediterrània</title>
<meta name="description" content="Descobreix un món de meravelles a través dels llibres de la nostra editorial especialitzada en art, cultura i natura per a famílies. Amb il·lustracions fascinants i històries enriquidores, inspirem el descobriment i la curiositat en petits i grans, connectant-los amb el patrimoni cultural i el meravellós món natural que ens envolta" />
<meta name="robots" content="index, follow, max-snippet:-1, max-image-preview:large, max-video-preview:-1" />
<link rel="canonical" href="https://editorialmediterrania.com/es/contacta-con-la-editorial/" />
<meta property="og:locale" content="es_ES" />
<meta property="og:type" content="article" />
<meta property="og:title" content="Contacta con la editorial - Editorial Mediterrània" />
<meta property="og:description" content="Descobreix un món de meravelles a través dels llibres de la nostra editorial especialitzada en art, cultura i natura per a famílies. Amb il·lustracions fascinants i històries enriquidores, inspirem el descobriment i la curiositat en petits i grans, connectant-los amb el patrimoni cultural i el meravellós món natural que ens envolta" />
<meta property="og:url" content="https://editorialmediterrania.com/es/contacta-con-la-editorial/" />
<meta property="og:site_name" content="Editorial Mediterrània" />
<meta property="article:modified_time" content="2016-06-08T11:17:11+00:00" />
<meta property="og:image" content="https://editorialmediterrania.com/wp-content/uploads/2023/03/cropped-LOGO-ED_MEDITERRANIA_OK-2.png" />
	<meta property="og:image:width" content="512" />
	<meta property="og:image:height" content="512" />
	<meta property="og:image:type" content="image/png" />
<meta name="twitter:card" content="summary_large_image" />
<meta name="twitter:site" content="@edmediterrania" />
<script type="application/ld+json" class="yoast-schema-graph">{"@context":"https://schema.org","@graph":[{"@type":"WebPage","@id":"https://editorialmediterrania.com/es/contacta-con-la-editorial/","url":"https://editorialmediterrania.com/es/contacta-con-la-editorial/","name":"Contacta con la editorial - Editorial Mediterrània","isPartOf":{"@id":"https://editorialmediterrania.com/es/#website"},"datePublished":"2012-11-25T14:15:49+00:00","dateModified":"2016-06-08T11:17:11+00:00","description":"Descobreix un món de meravelles a través dels llibres de la nostra editorial especialitzada en art, cultura i natura per a famílies. Amb il·lustracions fascinants i històries enriquidores, inspirem el descobriment i la curiositat en petits i grans, connectant-los amb el patrimoni cultural i el meravellós món natural que ens envolta","inLanguage":"es","potentialAction":[{"@type":"ReadAction","target":["https://editorialmediterrania.com/es/contacta-con-la-editorial/"]}]},{"@type":"WebSite","@id":"https://editorialmediterrania.com/es/#website","url":"https://editorialmediterrania.com/es/","name":"Editorial Mediterrania","description":"Llibres que t’obriran nous mons","publisher":{"@id":"https://editorialmediterrania.com/es/#organization"},"alternateName":"Llibres infantils d'art, cultura i natura","potentialAction":[{"@type":"SearchAction","target":{"@type":"EntryPoint","urlTemplate":"https://editorialmediterrania.com/es/?s={search_term_string}"},"query-input":"required name=search_term_string"}],"inLanguage":"es"},{"@type":"Organization","@id":"https://editorialmediterrania.com/es/#organization","name":"Editorial Mediterrania","alternateName":"Llibres d'art, cultura i natura per infants i famílies","url":"https://editorialmediterrania.com/es/","logo":{"@type":"ImageObject","inLanguage":"es","@id":"https://editorialmediterrania.com/es/#/schema/logo/image/","url":"https://editorialmediterrania.com/wp-content/uploads/2023/03/LOGO-ED_MEDITERRANIA_OK-2.png","contentUrl":"https://editorialmediterrania.com/wp-content/uploads/2023/03/LOGO-ED_MEDITERRANIA_OK-2.png","width":1200,"height":300,"caption":"Editorial Mediterrania"},"image":{"@id":"https://editorialmediterrania.com/es/#/schema/logo/image/"},"sameAs":["https://x.com/edmediterrania","https://www.instagram.com/editorialmediterrania/"]}]}</script>
<!-- / Yoast SEO plugin. -->

Contacta con la editorial - Editorial Mediterrània

Descobreix un món de meravelles a través dels llibres de la nostra editorial especialitzada en art, cultura i natura per a famílies. Amb il·lustracions fascinants i històries enriquidores, inspirem el descobriment i la curiositat en petits i grans, connectant-los amb el patrimoni cultural i el meravellós món natural que ens envolta

Editorial Mediterrània

Llibres d'art, cultura i natura per infants i famílies
